 = 611 + -599. What is the remainder when 118 is divided by 75/(-90) + 754/t?
56
Calculate the remainder when 34314/(-2394)*1*-195 is divided by 283.
248
Let j be -67 + (-9 - -8)*(-2 + 5). Let q = 91 + j. Suppose 0 = d + d - 8, 4*x = d + 328. Calculate the remainder when x is divided by q.
20
What is the remainder when (7/((-70)/345))/(((-207)/162)/23) is divided by 104?
101
Suppose -54*n = 9*n - 28413. What is the remainder when 459 is divided by n?
8
Suppose 0 = f + 4 - 25. Let t = 460 - 451. What is the remainder when f is divided by t?
3
Suppose 2*c + 2613*h = 2609*h + 470, 2*h = -4*c + 940. What is the remainder when 2125 is divided by c?
10
Let n(v) = -181*v - 673. Calculate the remainder when n(-4) is divided by (0 + 2 + -10)/2*-5.
11
Let y(i) = -14 + 15*i**2 - i**3 + 4 - 2 - 11*i - 6. What is the remainder when y(14) is divided by 10?
4
Let l(v) = v**3 - 9*v**2 - v - 38. Let g be (-624)/(-64) - 1/(-4). Calculate the remainder when l(g) is divided by 23.
6
Let a = -970 - -1019. What is the remainder when 285 is divided by a?
40
Suppose -4*y + 158 = -2*p, 0*p = -p - 3. Suppose -93*o + 63*o - 1152 = -42*o. What is the remainder when o is divided by y?
20
Suppose 15*n - 8054 = 21481. What is the remainder when n is divided by 38?
31
Let v be 0/(-1) + (36 - 32). Suppose v*b - 23 = 3*b. Calculate the remainder when 43 is divided by b.
20
Let w = -1524 - -1542. Suppose -93 = -m + 194. What is the remainder when m is divided by w?
17
Let m = -102 + 104. Suppose x = t + 9, 0 = m*x - 2*t - 2*t - 14. Calculate the remainder when 24/(-20)*(-140)/2 is divided by x.
7
Suppose j = 16*j + 7*j. Suppose j = 4*m + m - 930. What is the remainder when m is divided by 21?
18
Let r = 387 - 535. Let n = r - -234. Calculate the remainder when n is divided by 38.
10
Let m(g) = -6 + 0 + 1 - g**2 + 14*g - 3. Let b be m(13). Suppose 11 = -0*c + 4*c + b*f, 3 = c + f. Calculate the remainder when 22 is divided by c.
2
Suppose 3*q = -1 + 4. Let v(n) = -15*n**2 + 27*n + 9. Calculate the remainder when 4*2/q*1 is divided by v(2).
2
Suppose -5*i - 3*m - 82 = 0, 3*i + m = 2*m - 38. Let g = i + 22. What is the remainder when (6/(-28))/(552/(-59248)) is divided by g?
7
Let u = -7 + -6. Suppose 4*b - 2*y = -114, b - 5*y = -3*y - 30. Let o = u - b. Calculate the remainder when 59 is divided by o.
14
Suppose 191 = -3*c - 2*d + 1188, -341 = -c - 5*d. What is the remainder when c is divided by 16 + -1 + 58 + 12?
76
What is the remainder when 94 is divided by ((-444)/(-777))/((-2)/14) + 1 + 61?
36
What is the remainder when 700 is divided by -40 + 1946/49 - (-989)/7?
136
Let p be 16*-9*2/(-9). Suppose -22 = -a + 3*w + 2, -w = a - p. What is the remainder when 205 is divided by a?
25
Let m(x) = x**3 - x**2 - 2*x + 78. Calculate the remainder when m(0) is divided by 6/(-6 + 8) + 6*4.
24
Let n = -30 + 210. Suppose -v - 128 = -2*w, -2*w + 4*v - 52 = -n. What is the remainder when 191 is divided by w?
63
Suppose 0*c = 5*c - 1205. Let m(o) = 32*o - 112. Let k be m(8). Let z = c - k. What is the remainder when z is divided by 14?
13
Let c(r) = 38*r - 26. Suppose -3*v + 193 + 158 = 0. Calculate the remainder when v is divided by c(1).
9
Suppose 85*q + 905 = 1124 + 1651. Calculate the remainder when q is divided by 19.
3
Let d(k) = -5*k - 91. Suppose 1029 = 12*b - 61*b. What is the remainder when 161 is divided by d(b)?
7
Let s(p) be the second derivative of -p**4/12 - 7*p**3/2 - 25*p**2 - 5*p + 1. Let a be 17/(-3)*15/5. What is the remainder when 141 is divided by s(a)?
15
Suppose 0 = 5*l - 5*d - 30, -3*l = -2*d + 5*d - 42. Let k(z) = 3*z + 2. Let j be k(0). Suppose 128 + 10 = j*g. Calculate the remainder when g is divided by l.
9
Suppose 0 = 8*o - 6*o - t - 331, -2*o - 3*t = -343. Suppose 234 = 5*c - 2*c. Calculate the remainder when o is divided by c.
11
Suppose h - 4*y + 7*y = 69, -5*y = 4*h - 269. Let v(z) = -z + 1. Let r be v(6). Calculate the remainder when h is divided by 35 + -2 - (r + 4).
32
Suppose 187*s - 65*s = 80764. Calculate the remainder when s is divided by 645.
17
Let t(q) = 17 - 5*q + q**2 + 7*q + 6*q. Calculate the remainder when 68 is divided by t(-7).
8
Let v(g) = -3*g**3 - 99*g**2 + 103*g + 45. Let j = -7 - -3. What is the remainder when v(-34) is divided by 15/10*j/(-3)?
1
Let x be (-2)/((2 - 3)*1). Let s be -1 - ((4 - x) + -3). Calculate the remainder when s/(-2) + (-15)/(-9)*78 is divided by 33.
31
Let b = 8412 + -8303. What is the remainder when b is divided by 42?
25
Suppose 15*p - 7*p = 24. Suppose -p*n - 9 = -u, 3*n = -u - 3*u + 111. What is the remainder when 108 is divided by u?
12
Let s = 1093 + 100. Let j = s + -833. Calculate the remainder when j is divided by 61.
55
Let x(u) = 11*u + 4. Calculate the remainder when x(7) is divided by 4*4/(-12)*-2*24/16.
1
Suppose 4*a + 24 = 4*m - 8, -2*m = -5*a - 22. Let j(k) = -440 + 439 - 2*k + m*k - 3*k**2 - 2*k**3. What is the remainder when j(-3) is divided by 8?
6
Suppose 702*r - 697*r - 315 = 0. Let i = 120 - 81. What is the remainder when r is divided by i?
24
Suppose 0*o + 2*o - d = 797, 2*d + 10 = 0. Suppose -35*x + o = -23*x. What is the remainder when x is divided by 17?
16
Let h(t) = 3*t - 33. Let u be 8/(-12)*75/5. Let n be h(u). Let f = n - -117. Calculate the remainder when f is divided by 28.
26
Suppose 22 = -29*r - 7. Calculate the remainder when (r + 2)/(6*5/870) is divided by 11.
7
Let c = -750 - -752. Suppose 4*n + 4*w - 248 = 0, 5*n - c*w - 17 - 258 = 0. What is the remainder when 280 is divided by n?
52
Let v(y) = 2*y**2 - 3*y**2 - 63 - 19*y + 2*y**2 + 3*y. Calculate the remainder when 119 is divided by v(21).
35
Suppose -y - 104 = -5*y. Suppose -6*o + 5 - 6 = -25. Calculate the remainder when y is divided by o.
2
Suppose 3*m = 4*c - 547, -5*c + m - 261 = -7*c. Suppose 132*h = c*h - 6. Calculate the remainder when 148 is divided by h.
4
Suppose 0 = -5*o + o, 0 = -2*s + 3*o - 596. Let r = 342 + s. What is the remainder when 168 is divided by r?
36
Suppose 0 = -11*r - 517 + 2453 + 3025. Calculate the remainder when r is divided by 24.
19
Suppose 12*x = -25*x + 7*x + 15870. What is the remainder when x is divided by 132?
1
Let j(w) = w - 16. Let m be j(28). Suppose -3*b + m = -4*q - 62, 0 = 4*b + 3*q - 132. What is the remainder when 147 is divided by b?
27
Let c(m) = 2*m**3 - 3*m**2 - 20*m - 1. Let l be c(4). What is the remainder when 303 is divided by 18 - ((-4)/(-8)*-2)/l?
14
Suppose -4*v - 2*s = -13 - 25, 27 = 3*v + s. Suppose 0 = 3*z + 146 - 206. What is the remainder when z is divided by v?
4
Suppose 5*g - 63 = 52. Let o(l) = -1082*l + 158. Let w be o(-2). Let x = w - 2317. What is the remainder when g is divided by x?
3
Let c(a) = 86*a + 3938. Calculate the remainder when 1273 is divided by c(-43).
73
Let f be 28/42*318/4. Let v = 98 - f. What is the remainder when v is divided by (-1 - -25)*(-2)/(-4)?
9
Suppose -2*n = -2*s - 7*n + 33, -62 = -3*s - 5*n. Suppose 99 = 32*u - s*u. Let o(a) = a**2 + a. Calculate the remainder when u is divided by o(-3).
3
Let l(f) = -10*f - 48. Let g be l(-5). Suppose 2*y - 14 = -g. Calculate the remainder when 35 is divided by (-2)/(-3) + 2/(y/37).
9
Suppose 0 = 2*l + 14 + 30. Let i be l/(3 + -2) + -2. Calculate the remainder when 35 is divided by (-476)/i - (0 + 4/(-24)).
15
Let h = 376 - 366. Suppose h*g - 13*g + 1128 = 0. Calculate the remainder when g is divided by 27.
25
Let s = 19 + -12. Suppose -3*f + s*f = 216. Suppose -7*w - 5 + f = 0. Calculate the remainder when 20 is divided by w.
6
Suppose 0 = -42*h + 50*h - 1840. Calculate the remainder when -6*(-8)/(-64) + h/8 is divided by 8.
4
Suppose 0 = 4112*n - 4100*n - 948. Calculate the remainder when 445 is divided by n.
50
Let m(t) = -5*t + 9. Let q be m(1). Suppose -q*w - w = -4*w. Suppose -5*n + 5*l + 11 - 1 = w, -l + 28 = 5*n. What is the remainder when 89 is divided by n?
4
Let d be -3 - (4 - 5) - -4. What is the remainder when 3/6*-6 + 18 is divided by ((-12)/10)/(d - 48/20)?
0
Let j = 182 + -180. Suppose j*i - 12*i = -50. What is the remainder when 6 is divided by i?
1
Let x(h) = -9*h + 736. What is the remainder when x(-65) is divided by 53?
49
Let x = -3399 - -3432. What is the remainder when 89 is divided by x?
23
Let h = -4 - -12. Suppose 4*g - 5*w - 240 = 0, -35 = -4*g - w + 181. Suppose